/(-4))/5)/((-3)/117). Let l = z + 43. Suppose s = 4*x + 133 + 4, -l*x = -4*s + 536. What is the tens digit of s?
3
Let h(s) = -3*s**3 - 3*s**2 + 5*s - 11. Let k be h(5). Let r = 874 + k. What is the tens digit of r?
3
Suppose d + 16494 = 21*d - 11266. What is the hundreds digit of d?
3
Let a(k) = -9*k + 19. Suppose -d - 2 = -4. Let r be a(d). What is the units digit of (r + 0)*(-8)/(-8)?
1
Let u(z) = 0*z - 5 + 3 - 9 - 7*z. Let y be u(5). Let s = -29 - y. What is the tens digit of s?
1
Let j = -6938 + 9787. Let h = -1445 + j. What is the thousands digit of h?
1
Suppose -3*k + 5*i = 26 - 83, 2*k + i - 51 = 0. Let q(u) = u**2 - 12*u + 69. What is the tens digit of q(k)?
5
Suppose -3*q + 4*p = -4, -6*q = -10*q - 4*p - 32. Suppose 5 = -t + 3. What is the units digit of -1 - t - (0 + q)?
5
Suppose 2*h = 2*b - 71 + 59, 3*b = h + 2. Suppose i = 2*i - 202. What is the units digit of (h - -4)/1 + i?
8
Let t = 2819 - -6194. What is the units digit of t?
3
Let b = 19378 + -1098. What is the units digit of b?
0
Let l(p) = 12*p**2 + 9*p - 22. Let m be l(-8). Suppose -10*s + 646 = -m. What is the tens digit of s?
3
Let g = 393 - 666. Let v = g + 320. What is the units digit of v?
7
Let u(c) = 8*c + 119. Let y be u(-20). Let i = y - -149. What is the hundreds digit of i?
1
Let u be (-37 + -13)*(-2)/(-4). Let s = 145 - u. What is the tens digit of s?
7
Suppose -8214 = -14*g - 388. Suppose 2*r - g = -3*o, r - 277 = -5*o + 3*o. What is the units digit of r?
7
Let m(l) = 4*l**3 - 6*l**2 + 2*l + 20. Suppose -5*a - 151 = -176. What is the tens digit of m(a)?
8
Let g(f) = -6*f**3 - 2*f**2 - 6*f + 5. Let w be (-91)/39 - 2/3. What is the hundreds digit of g(w)?
1
What is the tens digit of (-3)/4 + (-222377)/(-508)?
3
Let r(t) = -4 + 7*t**3 - 7*t + 3*t + t**2 - 6*t**3 + 4*t**2. Let p be r(-5). Suppose -p*g - 188 = -17*g. What is the tens digit of g?
8
What is the hundreds digit of (-910788)/(-568)*10/3?
3
Suppose 3*a - 4124 = 8242. What is the units digit of a?
2
Let s be (4 - (-2)/4)*248/3. Suppose -b - 3*v - 181 = v, b - 3*v = -160. Let o = s + b. What is the hundreds digit of o?
2
Let p be (-5 - 55)*(4/6 + -1). What is the units digit of p/5 - -357 - -7?
8
Let c be (25329/(-2))/(-3) + (-35)/(-70). Suppose 4*q - c = 634. What is the tens digit of q?
1
Suppose -3*g = -o + 26689, -73*o - g = -70*o - 79977. What is the tens digit of o?
6
Let a = 6215 - -28918. What is the units digit of a?
3
Suppose -17168 = 39*z - 43*z + 4*v, -z = -2*v - 4297. What is the hundreds digit of z?
2
Let l = 238 - 391. What is the tens digit of (115/69)/((-1)/l)?
5
Let p(r) = -3*r + 5. Let j be p(5). Let m be 2 + 10/(-4) + (-5)/j. Suppose m = -q + 5*d - 4*d + 130, -5*d = 0. What is the tens digit of q?
3
Suppose 54 = -2*t - 3*m - 18, 0 = 2*m. Let i = 32 + t. What is the tens digit of ((-287)/(-28))/((-1)/i)?
4
Let w be ((-25)/(-15))/((-1)/(-12)). Suppose -8*n + 12 + w = 0. Suppose -2*i + x = -97, 100 = 4*i + n*x - 64. What is the units digit of i?
6
Suppose -8*r = -3*u - r + 5, 0 = 2*u - 2*r - 6. What is the units digit of 7 + (58048/u)/8?
1
Let k(u) = 10165*u + 4313. What is the tens digit of k(3)?
0
Let i(k) = 7*k + 34. Let p be i(-4). What is the units digit of 4/12*(1008 - p)?
4
Suppose 0 = 13*j - 15*j + 20. Let a be (-156)/(-38) + j/(-95). Suppose 57 = a*k - 47. What is the units digit of k?
6
Let b(f) = -f**3 + 12*f**2 + 11*f - 15. Let r(z) = 0*z + 79 - 41 - 2*z. Let y be r(13). What is the hundreds digit of b(y)?
1
Let h = -1113 + 2209. Let w = h - -237. What is the units digit of w?
3
Suppose 62*w - 207177 = 315128 + 154363. What is the thousands digit of w?
0
Suppose -61064 - 205048 = -108*h. What is the thousands digit of h?
2
Let u = -18362 - -27771. What is the units digit of u?
9
Let i(v) = 1131*v**3 - 3*v**2 - 2*v + 28. What is the tens digit of i(3)?
3
Suppose -2*x = -3*r - x + 448, -5 = 5*x. Let v = r - -657. What is the tens digit of v?
0
Suppose 12*b + 76 = 11*b. Let q = b + 77. What is the tens digit of (-55 + -12)/(q/3*-1)?
0
Let v(a) be the second derivative of -a**5/20 + 11*a**4/12 + 3*a**3 - 9*a**2 + 60*a. What is the tens digit of v(12)?
5
Let p = 83 - 79. Suppose -7*m = -p*m - 1521. What is the units digit of m?
7
Suppose -33*a - 2882 = -22*a. Let d = -43 - a. What is the tens digit of d?
1
Let i(k) = 112*k**2 - 48*k + 55. What is the thousands digit of i(-15)?
5
Suppose -272*r + 275*r - c = 65865, 0 = -4*r + 4*c + 87828. What is the ten thousands digit of r?
2
Let w(q) = 17 + 3 - 137*q + 141*q. Let i be w(-6). What is the tens digit of 2*(-2)/i*247?
4
Suppose -2*d + 33 = -0*l + 3*l, -3*d = -l - 44. What is the units digit of (-24)/(-18)*d*59/4?
5
Let a(f) = -4*f + 14. Let o(b) = 5*b - 13. Let g(t) = 6*a(t) + 5*o(t). Let k be g(-19). Suppose k = -12*q + 13*q - 11. What is the units digit of q?
1
Let r(b) = 90*b**2 + 5*b - 27. Suppose 7*h - 18 - 3 = 0. What is the hundreds digit of r(h)?
7
Let p(n) = -n**3 + 20*n**2 + 18*n - 38. Suppose -v = -3*y - 11, 9*y = -v + 7*y + 26. What is the hundreds digit of p(v)?
3
Suppose -4 = -3*l + 11. Suppose -l*c = 5*z - 2575, 0 = -z + 2*z - 5*c - 509. What is the tens digit of z?
1
Suppose 3*x - w = 1 + 1, -2*w - 4 = -x. Suppose -2*o + o + 5*n + 13 = x, -2*o = 2*n - 2. What is the tens digit of ((-97)/o)/((-14)/42)?
9
Let a(c) = c**2 - 6*c - 34. Suppose 6*r - 202 - 242 = 0. Suppose -6*b = -16 - r. What is the units digit of a(b)?
1
Let r = 6408 + -1721. What is the hundreds digit of r?
6
Let s = -7341 + 16331. What is the hundreds digit of s?
9
Let d(s) = s**3 + 5*s**2 - 12*s + 14. Let p be d(-7). Suppose p = -10*z + 5*z + 1595. What is the hundreds digit of z?
3
Let u(v) = 57*v**2 + 48*v - 213. What is the thousands digit of u(10)?
5
Suppose 4*k + 1437 = k + 5*o, 0 = -2*k + 4*o - 958. Let w = k + 1068. Suppose 0 = -b - 2*b + 5*a + w, -3*b + 2*a = -583. What is the hundreds digit of b?
1
Suppose 65*x - 144 = 63*x. What is the units digit of (-16)/(-20) - x/(-60)?
2
Let x = -89 + 187. Let q = x - -149. What is the hundreds digit of q?
2
Let c(t) = -45*t - 220. Let n(p) = -22*p - 111. Let s(g) = 2*c(g) - 5*n(g). What is the tens digit of s(13)?
7
What is the thousands digit of 31138352/2009 + (-3)/7?
5
Let u(v) = v**2 + 95*v + 1745. What is the units digit of u(-116)?
1
Suppose -4*c + 25*a = 20*a - 135530, 3*c + 4*a = 101663. What is the hundreds digit of c?
8
Let y(h) = 974*h**2 - 11*h + 44. What is the thousands digit of y(3)?
8
Let w(g) = -122*g - 187. Let o(h) = h**3 + 5*h**2 + 7*h - 4. Let i be o(-2). What is the units digit of w(i)?
5
Suppose 0 = 7*c - 3*c + 8. Let y be 3 + -2 - -2 - c. Suppose y*x = 142 + 38. What is the tens digit of x?
3
Let k be 18*142/6*2. Suppose -90*n = -88*n - k. What is the units digit of n?
6
Suppose 32*n + 2378785 = 187*n. What is the ten thousands digit of n?
1
Suppose 0 = 4*k + 2*n - 1344, 5*n = 2*k + 3*k - 1680. Suppose 3*d + 0*d = -g + 2, -3*g + 4*d + 19 = 0. Suppose -g*b = -b - k. What is the tens digit of b?
8
Let a be 913/99 - 1/(-9)*-2. Let u(z) = a*z - 4 + 9 + 7*z. What is the units digit of u(4)?
9
Let w(z) = 75*z + 277. Let g be 48/36 + 60/9. What is the units digit of w(g)?
7
Let p(g) = -48*g - 280. Let y be p(-7). Suppose 60410 = y*i - 21*i. What is the thousands digit of i?
1
Suppose 5*x = -5, -4*c - 3*x + 6*x + 3 = 0. Suppose 18207 = 21*y - c*y. What is the units digit of y?
7
What is the hundreds digit of 65509 + 2 + (234/1521 - (-30)/(-26))?
5
Suppose -138*u + 570430 = -4551854. What is the thousands digit of u?
7
What is the thousands digit of ((-153150)/(-45))/(36/270)?
5
Suppose 2*w - 6 = 0, 0 = -h - 2*w - 0*w - 159. Let i = -114 - h. What is the units digit of i?
1
Let z(c) = -2*c**3 + 2*c**2 - 4*c + 1. Let a be z(-4). Let d = a - 78. Suppose 98 + d = g. What is the units digit of g?
7
Suppose g + 3*k - 1878 = 0, 0 = -5*g - 18*k + 16*k + 9325. What is the tens digit of g?
6
Let w(c) = 6*c + 42. Suppose -5*u - 28 = -4*v, 0*u + 3*v = -3*u - 6. Let q be 18/72 - (-1 - (-71)/u). What is the hundreds digit of w(q)?
1
What is the tens digit of 22/99 + (0 - (-502680)/27 - 3)?
1
What is the units digit of 8251 - -6*(-25)/30?
6
Suppose 4038 = 14*n - 1576. Let b = n - 195. What is the tens digit of b?
0
Suppose 7*v + 10 = 5*v, -d - 4*v + 17326 = 0. What is the ten thousands digit of d?
1